lculate the highest common divisor of 44 and 1012.
44
What is the greatest common factor of 100 and 2750?
50
Calculate the highest common divisor of 20 and 50.
10
Calculate the greatest common divisor of 228 and 855.
57
What is the highest common factor of 1003 and 17?
17
Calculate the highest common divisor of 18 and 3951.
9
What is the greatest common factor of 1216 and 1406?
38
Calculate the greatest common divisor of 2847 and 146.
73
What is the greatest common factor of 23655 and 57?
57
Calculate the highest common divisor of 163 and 1.
1
Calculate the highest common divisor of 444 and 12.
12
Calculate the greatest common factor of 5248 and 41.
41
Calculate the greatest common divisor of 69 and 115.
23
Calculate the highest common factor of 133 and 1919.
19
Calculate the greatest common factor of 248 and 31.
31
What is the greatest common factor of 472 and 16?
8
What is the greatest common divisor of 28 and 427?
7
Calculate the highest common divisor of 34 and 1088.
34
Calculate the greatest common divisor of 1372 and 42.
14
Calculate the highest common factor of 783 and 319.
29
What is the greatest common factor of 14 and 26?
2
What is the greatest common divisor of 31 and 37?
1
What is the highest common factor of 19 and 3?
1
Calculate the highest common factor of 568 and 8.
8
What is the highest common factor of 505 and 1616?
101
What is the highest common factor of 38675 and 17?
17
What is the greatest common divisor of 357 and 105?
21
Calculate the highest common factor of 468 and 6.
6
Calculate the greatest common divisor of 139 and 139.
139
What is the greatest common divisor of 12 and 4?
4
What is the highest common divisor of 81 and 135?
27
What is the highest common divisor of 8730 and 45?
45
Calculate the highest common factor of 742 and 42.
14
Calculate the greatest common factor of 1356 and 565.
113
What is the highest common divisor of 1936 and 4?
4
Calculate the highest common divisor of 2052 and 380.
76
Calculate the greatest common factor of 4950 and 90.
90
What is the greatest common factor of 192 and 1392?
48
What is the greatest common divisor of 160 and 10240?
160
Calculate the highest common divisor of 20 and 5780.
20
What is the greatest common factor of 188 and 235?
47
What is the highest common factor of 424 and 1888?
8
What is the greatest common divisor of 289 and 119?
17
Calculate the highest common divisor of 459 and 51.
51
What is the greatest common factor of 11 and 2453?
11
Calculate the highest common divisor of 27 and 4131.
27
What is the highest common divisor of 377 and 143?
13
Calculate the greatest common factor of 42 and 63.
21
Calculate the greatest common factor of 640 and 96.
32
What is the greatest common factor of 17633 and 77?
77
What is the highest common divisor of 15 and 240?
15
What is the greatest common divisor of 1036 and 364?
28
What is the highest common divisor of 10 and 15?
5
What is the highest common factor of 20 and 35?
5
Calculate the highest common factor of 260 and 364.
52
What is the highest common factor of 592 and 48?
16
Calculate the greatest common factor of 1904 and 4.
4
Calculate the highest common factor of 98 and 6174.
98
Calculate the greatest common divisor of 16 and 512.
16
Calculate the highest common divisor of 1192 and 56.
8
Calculate the greatest common factor of 65 and 1248.
13
What is the greatest common factor of 1251 and 2224?
139
What is the greatest common factor of 542 and 24119?
271
What is the highest common divisor of 905 and 5?
5
What is the highest common divisor of 158 and 3713?
79
What is the highest common divisor of 11 and 41?
1
Calculate the greatest common factor of 33 and 1452.
33
What is the greatest common divisor of 36 and 96?
12
Calculate the greatest common divisor of 9760 and 320.
160
What is the greatest common factor of 389 and 89470?
389
Calculate the greatest common factor of 133 and 112.
7
Calculate the greatest common divisor of 78 and 208.
26
What is the highest common factor of 17 and 119?
17
What is the highest common factor of 218 and 10573?
109
Calculate the greatest common divisor of 351 and 27.
27
What is the highest common factor of 1016 and 8?
8
What is the highest common factor of 36 and 872?
4
What is the greatest common factor of 18 and 234?
18
Calculate the greatest common divisor of 574 and 14.
14
Calculate the highest common divisor of 330 and 220.
110
Calculate the greatest common divisor of 42 and 21.
21
What is the greatest common divisor of 6 and 16494?
6
What is the greatest common factor of 42 and 84?
42
What is the greatest common factor of 78 and 21?
3
What is the greatest common divisor of 9585 and 60?
15
Calculate the greatest common divisor of 220 and 275.
55
Calculate the highest common factor of 106 and 2.
2
Calculate the greatest common divisor of 60 and 1920.
60
Calculate the highest common divisor of 17 and 1003.
17
Calculate the highest common divisor of 250 and 4375.
125
Calculate the highest common divisor of 135 and 15.
15
Calculate the highest common factor of 1251 and 279.
9
Calculate the greatest common divisor of 190 and 10.
10
What is the greatest common factor of 177 and 66021?
177
What is the greatest common factor of 297 and 5907?
33
Calculate the highest common factor of 4324 and 564.
188
Calculate the greatest common divisor of 66421 and 127.
127
What is the highest common divisor of 7 and 21?
7
What is the greatest common factor of 5120 and 80?
80
Calculate the highest common factor of 136 and 40.
8
What is the greatest common factor of 1616 and 128?
16
What is the greatest common divisor of 1615 and 510?
85
What is the greatest common divisor of 370 and 10?
10
What is the highest common factor of 32 and 64?
32
What is the greatest common factor of 2212 and 9164?
316
What is the highest common factor of 40 and 23960?
40
Calculate the greatest common factor of 130 and 30.
10
Calculate the highest common factor of 536 and 335.
67
Calculate the highest common factor of 3 and 62.
1
Calculate the greatest common divisor of 468 and 18.
18
Calculate the greatest common divisor of 416 and 4082.
26
What is the greatest common factor of 48 and 23?
1
Calculate the highest common factor of 18 and 66.
6
What is the highest common divisor of 3 and 429?
3
What is the greatest common divisor of 4836 and 156?
156
What is the greatest common factor of 92 and 2254?
46
What is the greatest common divisor of 357 and 189?
21
Calculate the highest common divisor of 23 and 10097.
23
What is the highest common factor of 1364 and 124?
124
Calculate the highest common factor of 36 and 126.
18
Calculate the greatest common divisor of 748 and 220.
44
Calculate the greatest common divisor of 30 and 645.
15
What is the greatest common factor of 3360 and 255?
15
Calculate the highest common divisor of 124 and 8494.
62
What is the greatest common factor of 368 and 92?
92
Calculate the greatest common divisor of 24 and 96.
24
Calculate the greatest common divisor of 1280 and 25.
5
What is the greatest common divisor of 170 and 2125?
85
What is the greatest common factor of 210 and 2835?
105
Calculate the highest common factor of 4 and 1418.
2
What is the highest common divisor of 72 and 72?
72
Calculate the greatest common factor of 13 and 1066.
13
What is the highest common factor of 27 and 252?
9
What is the highest common factor of 21 and 3759?
21
What is the highest common factor of 255 and 165?
15
What is the highest common factor of 40 and 100?
20
What is the greatest common factor of 24 and 276?
12
Calculate the highest common factor of 390 and 40.
10
What is the highest common factor of 1131 and 13?
13
Calculate the greatest common factor of 19516 and 28.
28
What is the highest common factor of 157699 and 179?
179
What is the highest common divisor of 670 and 10?
10
What is the greatest common factor of 186 and 438?
6
What is the highest common divisor of 2520 and 21?
21
Calculate the greatest common divisor of 66 and 4455.
33
Calculate the greatest common factor of 9430 and 138.
46
What is the highest common divisor of 80 and 544?
16
What is the greatest common divisor of 1526 and 1134?
14
Calculate the greatest common divisor of 2919 and 21.
21
What is the greatest common divisor of 3333 and 99?
33
What i